= -4*g - 56, g + 16 = 2*o - o. Let y = g + 57. What is the highest common factor of y and 28?
14
Suppose 4*q = 3*c - 4*c + 28, 3*c = 0. Let a(i) = -i + 7. Let n be a(6). Let f be ((-4)/2)/(n/(-28)). What is the highest common factor of f and q?
7
Let r(h) = h**2 + h + 5. Let f be (-2 - -2)/(-2*1). Let j be r(f). Suppose -11 = j*n - 3*p - 80, 4*p = -n + 23. What is the highest common factor of n and 150?
15
Let x be (1 - -38)/(30/20). What is the highest common factor of x and 234?
26
Suppose 6*h + 37 - 13 = 0. Suppose 4*i + 5*s - 33 = 0, -2*i = -i - 2*s - 5. Let c = h + i. What is the greatest common divisor of 21 and c?
3
Let a = 3 + 2. Let u = 20 + -50. Let l = -5 - u. Calculate the highest common factor of a and l.
5
Let d(h) = 4*h**2 + h. Let r be d(-5). Let q be 2 + 1/(-2)*-34. What is the greatest common factor of q and r?
19
Suppose -3*p - 2*w = 2*p - 220, -4*p + 2*w + 158 = 0. What is the highest common divisor of p and 21?
21
Suppose 5*p = -3*l - 28, 3*l + 22 = -0*l - 2*p. Let r be (70/(-21))/(2/(-3)). Let o = r - l. What is the highest common divisor of 88 and o?
11
Let d(g) = -6*g**3 - 4*g**2 + 2*g + 12. Let q be d(-3). Suppose 0 = 2*l - 0*l - 24. Calculate the greatest common divisor of l and q.
12
Suppose -y + 50 = -3*b - 15, 5*b = -2*y - 101. Let s be ((-44)/(-6))/((-14)/b). Calculate the highest common divisor of s and 1.
1
Let o(p) = p**3 - p**2 - 4*p + 3. Let s be o(2). Let v be (s - -1) + 4*1. Let h be v/(-2)*(-65)/10. Calculate the highest common divisor of 91 and h.
13
Let m be (-115)/20*-4 - 1. What is the greatest common divisor of 154 and m?
22
Suppose j = 2*j. Suppose j*i + 375 = 5*i. Calculate the greatest common divisor of i and 15.
15
Let a(n) = -3 - 2*n + n**2 + 3 - 2. Suppose 5*u = -4*h - 3, -2*u = -h + 6*h - 9. Let s be a(u). Calculate the greatest common divisor of s and 13.
13
Let q be -3 - (-169 + (4 - 3)). Calculate the highest common factor of 15 and q.
15
Let h be 37 - (-2)/2*2. Suppose 3*j - 50 = -11. Calculate the greatest common divisor of h and j.
13
Suppose 21 + 21 = 3*o. What is the highest common factor of o and 42?
14
Suppose 4*f - 3 = 9. Suppose -5*s - f*t + 5*t = -48, -5 = -5*t. Calculate the greatest common divisor of s and 30.
10
Let r be (3 - 1)*(-3)/(-6). Let q be r + 7 + (2 - 4). Let t = -5 + 11. Calculate the highest common factor of q and t.
6
Suppose 3*d - 93 = p, -5*d + 26 = -3*p - 125. Calculate the highest common factor of d and 256.
32
Let y = -1 + 10. Suppose -y = -o + 6. Calculate the highest common factor of 30 and o.
15
Suppose 5*j + 4*c - 14 = 0, 3*c - c = -3*j + 10. What is the greatest common divisor of j and 4?
2
Let t(h) = -h**3 + 7*h**2 + 2*h + 4. Let s be t(7). Suppose -5*d = -s - 2. Suppose d = 2*z - 8. What is the highest common divisor of 15 and z?
3
Let c(s) = -s**2 - 5*s + 2. Let p be c(-6). Let y be (-2)/p + 77/14. Calculate the highest common factor of y and 6.
6
Let p = -9 - -11. Let w be ((-60)/25)/(p/(-15)). What is the greatest common factor of 9 and w?
9
Let u = -10 - -10. Suppose -3*a + 9 = u, -17 = -o + 2*a - a. Calculate the greatest common divisor of 80 and o.
20
Suppose 0 = -4*h + 100 + 236. Suppose -b + 6 = -6. Calculate the highest common divisor of b and h.
12
Suppose 0 = 3*u - z - 37, 2*u + 0*u - 22 = 2*z. Calculate the highest common factor of u and 13.
13
Let d(t) = 13*t**3 - t**2 - t. Let v be d(-1). Let a = v - -21. Suppose 3*r = -52 + 148. Calculate the greatest common factor of r and a.
8
Let x be 2/(-5) - 194/(-10). Let q = 43 - x. Calculate the highest common divisor of 8 and q.
8
Suppose -20 = -5*p - 5. Suppose t + p*t - 52 = 0. Let i(z) = z**3 + z + 26. Let o be i(0). Calculate the highest common divisor of o and t.
13
Suppose -6*z = -7*z + 30. Let a = 15 + 0. What is the highest common divisor of z and a?
15
Let r(k) = k**3 - 2*k**2 - 2*k - 1. Let t be r(3). Suppose -t*o + o = -2*h - 150, o - 152 = h. Calculate the highest common factor of o and 22.
22
Suppose 35*l - 21 = 32*l. What is the highest common factor of l and 49?
7
Suppose 0*q = 4*q - 8. Suppose 3*d - 4 = q*d. Suppose 128 = d*c + 16. Calculate the highest common factor of c and 4.
4
Let m = 0 + -1. Let v = 1 + m. Suppose -5*c + 3*c + 14 = v. Calculate the highest common divisor of c and 49.
7
Suppose 0 = -6*m + 2090 - 698. What is the highest common divisor of m and 29?
29
Let r be (-189)/(-12) - 1/(-4). Let z = -4 + r. Suppose 0 = -3*g + 4*a + 38, 5*g - 3 - 12 = -3*a. What is the highest common divisor of g and z?
6
Suppose -5*b + 47 = 2*f - 58, 0 = -3*f + 3*b + 105. What is the greatest common divisor of 60 and f?
20
Suppose -12*c = -17*c + 20. Calculate the highest common factor of 2 and c.
2
Let u(v) = 88*v**3 + 3*v**2 + 2*v - 3. Let m be u(1). What is the highest common factor of 20 and m?
10
Let a(p) = 18*p + 20 + 5*p - 7*p + p**2. Let u be a(-15). Calculate the highest common factor of u and 25.
5
Suppose 3*j - 11 = 4*u + 20, 5*u = -4*j. Suppose 0 = -l + j*l - 36. What is the highest common factor of l and 99?
9
Let b(y) = y**2 + 3*y - 4. Let f be b(-6). Suppose 0 = 5*w - m - 10, 4*m = 4*w - m - 8. What is the greatest common divisor of w and f?
2
Suppose 8*f - 180 = 4*f. Suppose -80 = -3*m - 26. Calculate the greatest common divisor of m and f.
9
Let n be (-4 - -1)*8/(-6). Let u(j) = j**2 + 12*j + 12. Let y be u(-11). Let k be 3 + -6 + 14 + y. What is the greatest common divisor of k and n?
4
Suppose -6*l = -2*l - 8. Suppose 4*h - l*a = -167 + 509, 2*a + 6 = 0. Suppose 1 = -2*i + 25. What is the greatest common divisor of h and i?
12
Let t be 1/(32/(-10) - -3). Let z be (-20 - 0)/(t/25). What is the greatest common factor of 25 and z?
25
Let j be (-7)/35 + (-1522)/(-10). What is the highest common divisor of j and 19?
19
Let z(x) = x**2 + 3. Let i be z(-3). Suppose -6*n - 2*g + i = -2*n, -5*g + 10 = 5*n. What is the highest common divisor of 20 and n?
4
Let c be (-1)/(-2) - (-524)/8. What is the greatest common factor of 6 and c?
6
Let k = 18 + -11. Let f = k - 3. Suppose -5*m + 43 = 9*r - 5*r, -f*m = 4*r - 44. What is the greatest common divisor of r and 12?
12
Let b = 28 - 25. Calculate the highest common factor of 3 and b.
3
Suppose g + 9 = 20. Suppose 50 = 3*u + g. Let t be (1 - 4)*(-26)/6. Calculate the greatest common factor of u and t.
13
Let r(g) = g. Let i be r(-4). Let y = i - -8. Suppose 0 = 3*w - y*n - 6, 10 + 2 = 4*w - 4*n. What is the greatest common divisor of w and 66?
6
Let h be (-96)/(-7) + ((-4)/(-7))/2. Let m = -7 - -21. Calculate the highest common factor of h and m.
14
Let c = -79 - -108. Calculate the highest common divisor of c and 290.
29
Let r(k) = k**2 - 5*k - 4. Let d be r(9). Suppose d = 4*s - 28. What is the highest common divisor of 60 and s?
15
Let q = 1 + -1. Let s be 8 - 7 - (-2)/1. Suppose -4*a + q*r + 28 = 5*r, 48 = 3*a - s*r. Calculate the greatest common factor of 18 and a.
6
Suppose 7 = -2*y - 1. Let h be 6/y*2 + 14. What is the greatest common divisor of 88 and h?
11
Let b be 8/(-6)*-15*54/12. Calculate the greatest common factor of b and 36.
18
Let h(m) = -m**3 - 7*m**2 - 9*m - 20. Let i be h(-7). What is the highest common factor of 473 and i?
43
Let m(j) = j**2 - j + 243. Let w be m(0). Let k = 417 - w. Suppose 3*f = -3*s + 111, 4*f + 59 - k = -3*s. Calculate the highest common divisor of 11 and s.
11
Let s(d) = -d**2 - 8*d - 8. Let f be s(-5). Let k(n) = 17*n - 2. Let c be k(3). Suppose -f = -4*x + c. What is the highest common factor of 42 and x?
14
Suppose -5*q + 15 = -0*q. Suppose -l = -k + 23, -q*k + 88 = -4*l + 16. Calculate the greatest common factor of 10 and k.
10
Let u(w) = 16*w**2 - 1. Let s = 3 - 2. Let l be u(s). Let x = l - 3. What is the greatest common divisor of 24 and x?
12
Let p be 4/(-22) - 2/((-176)/20344). Calculate the highest common factor of 21 and p.
21
Suppose 90 = 3*y - 2*t - 307, -3*y + 421 = 4*t. What is the highest common divisor of 15 and y?
15
Suppose -4*s = -4*z - 784, -5*s + z + 383 = -605. Calculate the greatest common divisor of 22 and s.
22
Let p(b) = -13*b + 1. Suppose 6*q = q - 15. Let c be p(q). Calculate the highest common factor of 10 and c.
10
Suppose 11 - 33 = -2*h. Calculate the highest common factor of h and 44.
11
Suppose -10 = -4*d + 10. Suppose 0 = -4*t - 12, 0 = d*y - 6*t + 3*t 